ert 19762 (base 11) to base 2.
110101110001111
-34 (base 7) to base 6
-41
-103342 (base 5) to base 12
-20b9
Convert -10221111 (base 3) to base 8.
-5473
Convert -14114 (base 5) to base 4.
-102013
What is -2ed (base 16) in base 14?
-3b7
100212 (base 3) to base 12
1a2
Convert 120201202 (base 3) to base 6.
125032
What is -1770 (base 8) in base 16?
-3f8
What is -4a1 (base 16) in base 8?
-2241
Convert -1340 (base 6) to base 15.
-183
110010110 (base 2) to base 9
501
Convert -1130311 (base 4) to base 13.
-2920
Convert -5334 (base 8) to base 3.
-10210222
What is -1787 (base 11) in base 9?
-3105
What is -454 (base 14) in base 10?
-858
Convert 782 (base 13) to base 7.
3521
-126 (base 15) to base 16
-105
What is 1a18 (base 13) in base 10?
3908
Convert 91aa (base 13) to base 8.
47162
Convert 1263 (base 12) to base 6.
13403
What is 12edf (base 16) in base 15?
17e90
1206 (base 10) to base 12
846
-10011111 (base 2) to base 7
-315
Convert -3746 (base 8) to base 10.
-2022
-1010011011100 (base 2) to base 6
-40420
Convert -2013 (base 8) to base 12.
-723
Convert -100011001100001 (base 2) to base 14.
-67cd
-1036 (base 9) to base 12
-536
What is 77e (base 15) in base 10?
1694
What is 1322 (base 6) in base 5?
2323
What is -5193 (base 10) in base 3?
-21010100
-12243 (base 9) to base 14
-2dd2
What is -4514 (base 9) in base 5?
-101314
What is -17155 (base 8) in base 5?
-222124
What is 10001011000 (base 2) in base 4?
101120
What is 22f (base 16) in base 8?
1057
100031 (base 4) to base 12
725
Convert 11011011110011 (base 2) to base 10.
14067
Convert 1300431 (base 5) to base 15.
7696
Convert 1052 (base 13) to base 3.
10002212
116c7 (base 13) to base 11
21aa2
-122201 (base 3) to base 6
-2114
Convert -12b9 (base 13) to base 6.
-20235
Convert -530a (base 11) to base 7.
-26330
-12532 (base 7) to base 3
-11121021
2200010101 (base 3) to base 9
80111
What is -21604 (base 8) in base 9?
-13422
What is 10000 (base 7) in base 2?
100101100001
Convert -cc6 (base 14) to base 12.
-1566
936 (base 10) to base 6
4200
What is -36125 (base 7) in base 3?
-110210112
What is 1dc (base 14) in base 7?
1065
-1455 (base 7) to base 9
-713
Convert 111a (base 13) to base 14.
c29
1036 (base 9) to base 5
11022
14b2 (base 16) to base 4
1102302
681 (base 9) to base 15
274
What is 1002002 (base 3) in base 5?
11120
What is 4044 (base 5) in base 15?
24e
What is -71c (base 13) in base 15?
-558
What is -12310 (base 6) in base 12?
-1096
Convert 17107 (base 8) to base 10.
7751
What is -2120222 (base 3) in base 10?
-1889
2101010 (base 3) to base 4
123003
Convert 11155 (base 7) to base 4.
230101
Convert -1543 (base 6) to base 15.
-1d3
2c56 (base 13) to base 9
8814
What is 1313321 (base 4) in base 8?
16771
Convert -488 (base 14) to base 16.
-388
Convert -11804 (base 14) to base 13.
-165b1
Convert -20141 (base 6) to base 13.
-1291
Convert -234 (base 9) to base 11.
-166
What is 9 (base 12) in base 7?
12
Convert -13546 (base 9) to base 13.
-4254
Convert 2003330 (base 4) to base 13.
3ac7
What is 5231 (base 6) in base 8?
2223
Convert 111004 (base 6) to base 13.
42ca
112222 (base 3) to base 9
488
What is -3 (base 13) in base 14?
-3
Convert 220020110 (base 3) to base 5.
1031140
What is -246 (base 12) in base 8?
-526
What is -19346 (base 10) in base 16?
-4b92
What is 874a (base 11) in base 12?
6825
Convert 1111212 (base 3) to base 15.
4d8
4237 (base 10) to base 7
15232
Convert -233444 (base 6) to base 8.
-47444
224043 (base 5) to base 13
3862
Convert 3499 (base 15) to base 4.
2232201
-530 (base 16) to base 9
-1735
What is -312222 (base 4) in base 14?
-13bc
Convert -1782 (base 16) to base 4.
-1132002
Convert -200221 (base 4) to base 13.
-c49
-12878 (base 11) to base 8
-43664
-123222 (base 4) to base 16
-6ea
Convert 782 (base 10) to base 15.
372
12001300 (base 4) to base 3
1020212101
What is 10234 (base 5) in base 11?
581
Convert 3764 (base 8) to base 11.
1591
-341110 (base 6) to base 2
-111000001100010
-424 (base 15) to base 8
-1646
Convert -56505 (base 7) to base 12.
-8349
Convert 60d (base 16) to base 13.
922
What is -c8d (base 16) in base 6?
-22513
-1001100 (base 3) to base 16
-2fd
What is -13220 (base 11) in base 8?
-44722
What is 16203 (base 11) in base 9?
34333
What is -22112010 (base 3) in base 5?
-144323
What is 3412311 (base 5) in base 8?
165653
What is 100001100011100 (base 2) in base 11?
119a9
What is a5 (base 14) in base 10?
145
What is -22330 (base 4) in base 8?
-1274
What is -7177 (base 9) in base 2?
-1010010000110
-289 (base 12) to base 10
-393
Convert 1002210 (base 3) to base 8.
1444
186a (base 11) to base 16
947
865 (base 16) to base 13
c94
What is -253 (base 12) in base 9?
-430
What is 460 (base 13) in base 16?
2f2
What is -3a1 (base 12) in base 16?
-229
Convert 27d (base 16) to base 14.
337
Convert -3304 (base 12) to base 11.
-424a
-21234 (base 5) to base 14
-752
What is -1111001011 (base 2) in base 15?
-44b
What is 454 (base 9) in base 3?
111211
3154 (base 6) to base 5
10333
-3015 (base 12) to base 8
-12121
Convert -b16 (base 15) to base 11.
-196a
-1021411 (base 5) to base 7
-100605
10010110101 (base 2) to base 4
102311
Convert 4137 (base 8) to base 12.
12a7
Convert 2020012121 (base 3) to base 15.
d011
868 (base 13) to base 10
1438
-7786 (base 14) to base 16
-50da
12553 (base 6) to base 11
1505
Convert -100220 (base 4) to base 5.
-13224
Convert 101000001 (base 2) to base 4.
11001
What is 23123003 (base 4) in base 8?
133303
What is 2d3 (base 15) in base 3?
220000
Convert -1320 (base 4) to base 14.
-88
Convert -2574 (base 13) to base 9.
-7276
Convert 47b (base 12) to base 10.
671
Convert 3430 (base 5) to base 7.
1300
-c558 (base 15) to base 8
-121354
Convert -604 (base 10) to base 11.
-4aa
Convert -3518 (base 9) to base 16.
-a31
What is -212303 (base 5) in base 7?
-30000
Convert 101100010011001 (base 2) to base 16.
5899
Convert -1100001101 (base 2) to base 15.
-371
What is -10010011000 (base 2) in base 16?
-498
What is -51 (base 6) in base 11?
-29
-a698 (base 11) to base 15
-42cd
Convert 6910 (base 14) to base 12.
a682
13303 (base 7) to base 5
103310
Convert 31715 (base 8) to base 15.
3de1
-12201 (base 4) to base 13
-261
Convert 100010100 (base 2) to base 8.
424
111 (base 11) to base 9
157
-8079 (base 10) to base 12
-4813
346 (base 7) to base 2
10110101
What is -65ca (base 15) in base 13?
-9a7b
Convert -153320 (base 6) to base 10.
-15024
What is -1030331 (base 5) in base 14?
-65a7
-20543 (base 12) to base 3
-2010221120
Convert -100001101110 (base 2) to base 8.
-4156
Convert -8975 (base 10) to base 9.
-13272
13314 (base 6) to base 11
1605
Convert -27ad (base 15) to base 2.
-10000100101000
Convert -43251 (base 7) to base 12.
-6293
Convert 5ea (base 16) to base 4.
113222
-2140 (base 7) to base 6
-3311
Convert -1c8 (base 13) to base 11.
-283
-e83 (base 15) to base 8
-6311
Convert -24271 (base 10) to base 5.
-1234041
Convert -111 (base 14) to base 2.
-11010011
What is 1158 (base 11) in base 7?
4263
What is 3fe (base 16) in base 8?
1776
6313 (base 10) to base 15
1d0d
What is 1100100010 (base 2) in base 15?
387
What is 435 (base 15) in base 12?
672
Convert -2204324 (base 5) to base 12.
-1a061
34 (base 9) to base 15
21
10022111 (base 3) to base 7
10021
Convert -132202 (base 5) to base 11.
-3a90
-676 (base 10) to base 6
-3044
What is -2625 (base 7) in base 8?
-1747
247 (base 11) to base 3
101212
-1252 (base 13) to base 11
-1a56
What is -251332 (base 6) in base 15?
-696b
Convert -110111011001001 (base 2) to base 10.
-28361
-12a61 (base 15) to base 10
-59716
2001010 (base 4) to base 9
12287
158 (base 9) to base 14
98
570 (base 9) to base 14
256
-100220033 (base 4) to base 3
-10110102122
10001111001 (base 2) to base 7
3224
What is 20815 (base 12) in base 15?
c97b
What is -1656 (base 7) in base 14?
-366
Convert 526 (base 11) to base 2.
1001111001
What is -26042 (base 7) in base 3?
-100110012
938 (base 13) to base 4
120200
310313 (base 4) to base 8
6467
Convert c3 (base 15) to base 5.
1213
-1100011110001 (base 2) to base 13
-2ba2
Convert 5080 (base 11) to base 15.
1ee8
-1304 (base 12) to base 6
-14004
Convert 2b4 (base 15) to base 7.
1543
What is -23 (base 11) in base 8?
-31
-10146 (base 9) to base 6
-50540
What is 564 (base 10) in base 8?
1064
Convert -21084 (base 9) to base 15.
-41d7
Convert -142 (base 5) to base 